 198 = 3*g - 5*j. What is the highest common factor of 44 and g?
22
Suppose 5 = 2*t - 1. Let b = 2188 + -2185. What is the greatest common factor of b and t?
3
Let f = -308 - -324. Calculate the greatest common divisor of 152 and f.
8
Let f = 200 - 171. Let z = 206 + -3. Suppose s - 2*s = -z. What is the greatest common divisor of s and f?
29
Let d = 22 - 48. Let k be (11 + -8)*(-2)/3 - d. What is the greatest common factor of k and 3?
3
Let v(g) = -g**3 - 11*g**2 - 5*g - 1. Let s be v(-11). What is the greatest common divisor of 513 and s?
27
Let w(t) = -t**2 + 11*t - 8. Let q be w(10). Suppose -g - 2*x = -5, q*g + 2*g - 10 = 2*x. Calculate the highest common divisor of g and 27.
3
Suppose 2*j = 3*j - 4. Suppose -9 = j*d - 13. What is the greatest common factor of 9 and d?
1
Suppose 0 = 9*u + 98 - 548. Calculate the greatest common divisor of u and 350.
50
Let g(d) = d**3 + 27*d**2 - 26*d + 87. Let a be g(-28). Let n = 53 + -22. What is the highest common divisor of a and n?
31
Let g = -28 + 33. Suppose 0 = q - g - 5. What is the highest common divisor of 110 and q?
10
Suppose 7*c - 207 = 878. Let r(x) = -6*x + 7. Let w be r(-4). Calculate the greatest common factor of w and c.
31
Suppose c + 5*a - a - 36 = 0, -c - a = -36. Calculate the highest common divisor of 2412 and c.
36
Let u(k) = -92*k - 48. Let y be u(-20). What is the highest common divisor of y and 28?
28
Suppose -8*l = -176 - 640. What is the highest common factor of 1734 and l?
102
Let a = 439 - 403. What is the greatest common divisor of 252 and a?
36
Let i be 1/4 + 2/(-8). Suppose i = -6*v - 147 + 33. Let b = 21 + v. What is the highest common factor of b and 2?
2
Let w(y) = 3*y**2 + 10*y - 4. Let b be w(-4). Suppose o - 49 = -q, -b*q + 4*o = -41 - 139. Calculate the highest common divisor of q and 423.
47
Let x = 2114 - 994. Calculate the highest common divisor of 80 and x.
80
Suppose -13*y - 4*i - 116 = -15*y, 5*y = -5*i + 215. Calculate the greatest common factor of 228 and y.
12
Let h be (-230)/4*180/((-140)/14). Calculate the greatest common factor of h and 138.
69
Let h = 251 - 141. Let n(i) = 2*i**2 + 3. Let w be n(-9). Calculate the greatest common factor of w and h.
55
Let p(v) = 186*v - 16. Let h be p(1). Calculate the greatest common divisor of 20 and h.
10
Suppose -1997 = -3*y + 5*p - 7*p, 0 = -2*y - 5*p + 1346. Calculate the highest common factor of y and 39.
39
Let j(h) = -h**3 - h**2 + 47. Let u = 140 + -140. Let r be j(u). What is the highest common divisor of 47 and r?
47
Let w = -16 - 18. Let p = w + 57. Calculate the highest common factor of p and 184.
23
Suppose -5*z = 6*z. Suppose z = 9*q - 10*q + 2. What is the highest common factor of 14 and q?
2
Suppose -3*v + 1 + 5 = 0. Suppose 0 = -2*k + 5*p + 22, -2*k - 6*p = -8*p - 28. What is the highest common factor of k and v?
2
Let t(k) = k**3 + 16*k**2 - 8*k - 3. Let w be t(-17). Let y be (-1)/5 + w/(-5). What is the highest common divisor of y and 124?
31
Suppose 0 = i + 4, -2*y - 2*i - 1 + 9 = 0. What is the greatest common divisor of y and 64?
8
Let i(z) = -6 + 11 - 38*z + 14. Let p be i(-4). Calculate the highest common divisor of p and 19.
19
Let t = 198 - 86. What is the highest common divisor of 48 and t?
16
Let g be (44/8)/((-2)/(-164)). Calculate the greatest common divisor of 82 and g.
41
Let m = 744 - 588. What is the greatest common divisor of m and 546?
78
Suppose -12 = -3*f + 2*d + 16, -3*d = 2*f - 36. Let c = -1 + 1. Suppose -l - 3*z + 1 + 8 = c, -5*l - 2*z = -58. Calculate the greatest common factor of f and l.
12
Suppose 1730 = 26*z + 170. Calculate the highest common divisor of 165 and z.
15
Suppose 0 = 5*d + p + 3*p - 50, -62 = -3*d + 4*p. Calculate the highest common divisor of d and 154.
14
Let t be 12 + (-6 - -6) - (-10)/(-2). Suppose -b - b = -v + 19, -b - 41 = -2*v. What is the greatest common divisor of t and v?
7
Let f = -568 + 867. What is the highest common factor of f and 13?
13
Suppose 0 = -4*m + l + 13, -3*l + 2 + 4 = 3*m. Calculate the highest common divisor of m and 3.
3
Suppose -3*u = -u. Suppose b - 3*b + 6 = u. Suppose -b*p = -8*p + 475. Calculate the greatest common divisor of 19 and p.
19
Let t(c) = -5*c**2 - 3*c + 2. Let p be t(2). Let z(l) = 39*l**2 - 4*l + 2. Let n be z(1). Let q = n + p. Calculate the highest common divisor of q and 91.
13
Suppose -284*f + 3040 = -274*f. Calculate the highest common divisor of f and 57.
19
Suppose 2*s - 7*s - 10 = 0. Let i be -1*(s - -3) - -3. Suppose -j = -4*a - 93 - 31, 4*j = -i*a + 460. What is the highest common divisor of j and 29?
29
Let u be (286/4)/(-6 - 156/(-24)). Calculate the greatest common divisor of 13 and u.
13
Let u be ((-45)/(-27))/((-1)/(-9)). Let w = u - -3. What is the greatest common divisor of 36 and w?
18
Suppose -i + 0 - 6 = 0. Let h be i + 2 + 4 - -20. Calculate the greatest common factor of h and 140.
20
Let p = 1508 - 1496. What is the highest common factor of 152 and p?
4
Let i(o) = 14*o + 9*o + 10*o**2 - 28*o + 6*o + 4. Let r be i(-2). Calculate the highest common divisor of r and 6.
6
Suppose 18*u = 163 + 53. Let a be (1 - (-2 + 2)) + 1. Calculate the highest common factor of u and a.
2
Let g be (1 + -15)*(0 + -2). Suppose -4*a = 8 - g. Suppose a*o = 3*o + 330. What is the highest common factor of 15 and o?
15
Let p(z) = -8*z**3 - z**2 - 2*z + 1. Let o be p(-2). Let f = -370 + 383. What is the highest common factor of f and o?
13
Let z be (2 - 1)*(-24)/(-4). Let u be 12/(-3)*(-63)/z. Calculate the greatest common factor of u and 21.
21
Let o(r) = 47*r**2 - 2*r. Let g be o(6). Let a = -882 + g. Suppose -4*n = -3*h + h - a, -h - 795 = -4*n. What is the highest common divisor of n and 22?
22
Let p(z) = z**2 - 4*z - 4. Let s be p(5). Let i be -1 + 0/((-2)/s). Let w be ((i - 1) + 4)*1. Calculate the highest common divisor of 14 and w.
2
Let r = -2 - -8. Suppose -c + 14 = -d, c - 2 = -r*d + d. Suppose 21*g = 14*g + 252. Calculate the greatest common divisor of c and g.
12
Suppose 0 = 3*c + 4*k - 116, -8*c + 6*c + 2*k = -54. Calculate the greatest common divisor of 16 and c.
16
Suppose -4*n - 5*q - 75 = 0, q - 6*q = -5. Let r = n + 20. Suppose 4*h - 38 = -r*h + 5*y, -5*h = 3*y - 29. What is the highest common divisor of 7 and h?
7
Let o be 144 + (-6 - (-9 - 7)). What is the greatest common factor of 44 and o?
22
Let o = -141 - -153. Let x be (3 - 2) + 17 + o + -11. Calculate the greatest common divisor of 171 and x.
19
Let m(x) = -x**3 + 8*x**2 - 5*x + 2. Let j be m(6). Suppose 8*l = 69 + 19. What is the greatest common divisor of l and j?
11
Let j be 491 + (0 - 5 - -3 - -1). What is the greatest common factor of j and 70?
70
Suppose 0 = -5*t + 7 + 13. Suppose 9*s - t*s - b - 716 = 0, 3*s - 426 = -3*b. Let k be 26*-1*1/(-2). What is the highest common factor of s and k?
13
Let y = 1058 - 994. What is the greatest common factor of 2368 and y?
64
Let n(b) = b**3 + 18*b**2 + 16*b + 23. Let p be n(-17). Let h = -37 + p. What is the highest common factor of h and 24?
3
Suppose 51*d = 20*d + 8897. What is the highest common factor of d and 82?
41
Let i(m) = m**3 + 8*m**2 + m + 8. Let t be i(-8). Suppose -9*s + 15*s - 456 = t. Calculate the greatest common factor of 19 and s.
19
Suppose -108 = -29*y + 17*y. What is the highest common factor of 387 and y?
9
Suppose -4*r + 3 = -9. Suppose 2*m - 8 = r*d - d, -5*m + d = -24. Let s = -2 + 4. Calculate the greatest common factor of s and m.
1
Let m(k) = 2*k. Let w be m(2). Suppose -165 + 1 = -3*a - 5*n, 0 = a - w*n - 66. Suppose 3*r - 110 = a. Calculate the highest common divisor of r and 8.
8
Let g be -1 - (-8 + (2 - 0)). Let u = 13 - g. Let z be 1*(u/(-2) - -53). What is the greatest common factor of 7 and z?
7
Let t = -103 + 201. Let l(g) = 2*g**3 - 11*g**2 + 9*g - 6. Let i be l(5). What is the greatest common factor of i and t?
14
Let a = -170 - -295. Suppose -2*q - 3*q = -a. Let w be ((-100)/70)/(2/(-7)). What is the greatest common factor of q and w?
5
Let a = 24 - -12. Let p be (360/(-23))/(-4) - 52/(-598). What is the greatest common divisor of a and p?
4
Suppose 0 = m + 9 + 3. Let t = -93 + -105. Let i be (t - 0)*6/m. What is the greatest common factor of i and 11?
11
Let y = 36 - 43. Let x be 1/(-4)*-10*(-84)/y. Calculate the highest common factor of x and 90.